{"id":2488,"date":"2018-12-07T08:45:17","date_gmt":"2018-12-07T08:45:17","guid":{"rendered":"https:\/\/zunnetje.nl\/?page_id=2488"},"modified":"2021-10-22T06:21:46","modified_gmt":"2021-10-22T06:21:46","slug":"einrichtung","status":"publish","type":"page","link":"https:\/\/zunnetje.nl\/index.php\/de\/einrichtung\/","title":{"rendered":"Einrichtung"},"content":{"rendered":"\t\t<div data-elementor-type=\"wp-post\" data-elementor-id=\"2488\" class=\"elementor elementor-2488\">\n\t\t\t\t\t\t<section class=\"elementor-section elementor-top-section elementor-element elementor-element-1b17f49 elementor-section-boxed elementor-section-height-default elementor-section-height-default\" data-id=\"1b17f49\" data-element_type=\"section\" data-e-type=\"section\">\n\t\t\t\t\t\t<div class=\"elementor-container elementor-column-gap-default\">\n\t\t\t\t\t<div class=\"elementor-column elementor-col-100 elementor-top-column elementor-element elementor-element-5836f1c\" data-id=\"5836f1c\" data-element_type=\"column\" data-e-type=\"column\">\n\t\t\t<div class=\"elementor-widget-wrap elementor-element-populated\">\n\t\t\t\t\t\t<section class=\"elementor-section elementor-inner-section elementor-element elementor-element-c1d34cd elementor-section-boxed elementor-section-height-default elementor-section-height-default\" data-id=\"c1d34cd\" data-element_type=\"section\" data-e-type=\"section\">\n\t\t\t\t\t\t<div class=\"elementor-container elementor-column-gap-default\">\n\t\t\t\t\t<div class=\"elementor-column elementor-col-50 elementor-inner-column elementor-element elementor-element-4cf5181\" data-id=\"4cf5181\" data-element_type=\"column\" data-e-type=\"column\">\n\t\t\t<div class=\"elementor-widget-wrap elementor-element-populated\">\n\t\t\t\t\t\t<div class=\"elementor-element elementor-element-3502837 elementor-widget elementor-widget-text-editor\" data-id=\"3502837\" data-element_type=\"widget\" data-e-type=\"widget\" data-widget_type=\"text-editor.default\">\n\t\t\t\t<div class=\"elementor-widget-container\">\n\t\t\t\t\t\t\t\t\t<p>Wohnzimmer mit Sitzecke, Holzofen und Terrassent\u00fcren zur Terrasse.<code><\/code><\/p>\t\t\t\t\t\t\t\t<\/div>\n\t\t\t\t<\/div>\n\t\t\t\t<div class=\"elementor-element elementor-element-7a6134d elementor-widget elementor-widget-image\" data-id=\"7a6134d\" data-element_type=\"widget\" data-e-type=\"widget\" data-widget_type=\"image.default\">\n\t\t\t\t<div class=\"elementor-widget-container\">\n\t\t\t\t\t\t\t\t\t\t\t\t\t\t\t<img fetchpriority=\"high\" decoding=\"async\" width=\"640\" height=\"416\" src=\"https:\/\/zunnetje.nl\/wp-content\/uploads\/2015\/03\/03_woonkamer.jpg\" class=\"attachment-large size-large wp-image-2232\" alt=\"zunnetje woonkamer\" srcset=\"https:\/\/zunnetje.nl\/wp-content\/uploads\/2015\/03\/03_woonkamer.jpg 800w, https:\/\/zunnetje.nl\/wp-content\/uploads\/2015\/03\/03_woonkamer-300x195.jpg 300w, https:\/\/zunnetje.nl\/wp-content\/uploads\/2015\/03\/03_woonkamer-768x499.jpg 768w\" sizes=\"(max-width: 640px) 100vw, 640px\" \/>\t\t\t\t\t\t\t\t\t\t\t\t\t\t\t<\/div>\n\t\t\t\t<\/div>\n\t\t\t\t<div class=\"elementor-element elementor-element-7ec20e8 elementor-widget elementor-widget-text-editor\" data-id=\"7ec20e8\" data-element_type=\"widget\" data-e-type=\"widget\" data-widget_type=\"text-editor.default\">\n\t\t\t\t<div class=\"elementor-widget-container\">\n\t\t\t\t\t\t\t\t\t<p>Offene K\u00fcche modern mit Geschirrsp\u00fcler, Mikrowelle, Gasherd, K\u00fchlschrank mit Gefrierfach, Toaster, Wasserkocher, Kaffeemaschine, Senseo.<\/p>\t\t\t\t\t\t\t\t<\/div>\n\t\t\t\t<\/div>\n\t\t\t\t<div class=\"elementor-element elementor-element-3bea181 elementor-widget elementor-widget-image\" data-id=\"3bea181\" data-element_type=\"widget\" data-e-type=\"widget\" data-widget_type=\"image.default\">\n\t\t\t\t<div class=\"elementor-widget-container\">\n\t\t\t\t\t\t\t\t\t\t\t\t\t\t\t<img decoding=\"async\" width=\"640\" height=\"320\" src=\"https:\/\/zunnetje.nl\/wp-content\/uploads\/2018\/10\/ZunnetjeBinnenKeuken.jpg\" class=\"attachment-large size-large wp-image-2258\" alt=\"ZunnetjeBinnenKeuken\" srcset=\"https:\/\/zunnetje.nl\/wp-content\/uploads\/2018\/10\/ZunnetjeBinnenKeuken.jpg 1000w, https:\/\/zunnetje.nl\/wp-content\/uploads\/2018\/10\/ZunnetjeBinnenKeuken-300x150.jpg 300w, https:\/\/zunnetje.nl\/wp-content\/uploads\/2018\/10\/ZunnetjeBinnenKeuken-768x384.jpg 768w\" sizes=\"(max-width: 640px) 100vw, 640px\" \/>\t\t\t\t\t\t\t\t\t\t\t\t\t\t\t<\/div>\n\t\t\t\t<\/div>\n\t\t\t\t<div class=\"elementor-element elementor-element-e2d7451 elementor-widget elementor-widget-text-editor\" data-id=\"e2d7451\" data-element_type=\"widget\" data-e-type=\"widget\" data-widget_type=\"text-editor.default\">\n\t\t\t\t<div class=\"elementor-widget-container\">\n\t\t\t\t\t\t\t\t\t<p><\/p>\n<p>Flachbildfernseher, CD-Player, Radio, Kombi-Waschmaschine \/ Trockner und Wifi. <\/p>\n<p>2 Schlafzimmer mit 2 Einzelbetten, eines mit Waschbecken. 1 Schlafzimmer mit 1 Etagenbett. 1 Badezimmer mit Dusche, 2 Waschbecken und WC.<\/p>\n<p>Drau\u00dfen: Terrasse im S\u00fcdwesten, Gartenm\u00f6bel, Sonnenschirm, und Parkplatz am Bungalow.<\/p>\t\t\t\t\t\t\t\t<\/div>\n\t\t\t\t<\/div>\n\t\t\t\t<div class=\"elementor-element elementor-element-b6ee257 elementor-widget elementor-widget-image\" data-id=\"b6ee257\" data-element_type=\"widget\" data-e-type=\"widget\" data-widget_type=\"image.default\">\n\t\t\t\t<div class=\"elementor-widget-container\">\n\t\t\t\t\t\t\t\t\t\t\t\t\t\t\t<img decoding=\"async\" width=\"640\" height=\"433\" src=\"https:\/\/zunnetje.nl\/wp-content\/uploads\/2018\/10\/04_zunnetje_terras.jpg\" class=\"attachment-large size-large wp-image-24\" alt=\"zunnetje terras met eten\" srcset=\"https:\/\/zunnetje.nl\/wp-content\/uploads\/2018\/10\/04_zunnetje_terras.jpg 800w, https:\/\/zunnetje.nl\/wp-content\/uploads\/2018\/10\/04_zunnetje_terras-300x203.jpg 300w, https:\/\/zunnetje.nl\/wp-content\/uploads\/2018\/10\/04_zunnetje_terras-768x519.jpg 768w\" sizes=\"(max-width: 640px) 100vw, 640px\" \/>\t\t\t\t\t\t\t\t\t\t\t\t\t\t\t<\/div>\n\t\t\t\t<\/div>\n\t\t\t\t\t<\/div>\n\t\t<\/div>\n\t\t\t\t<div class=\"elementor-column elementor-col-50 elementor-inner-column elementor-element elementor-element-2abc911\" data-id=\"2abc911\" data-element_type=\"column\" data-e-type=\"column\">\n\t\t\t<div class=\"elementor-widget-wrap\">\n\t\t\t\t\t\t\t<\/div>\n\t\t<\/div>\n\t\t\t\t\t<\/div>\n\t\t<\/section>\n\t\t\t\t\t<\/div>\n\t\t<\/div>\n\t\t\t\t\t<\/div>\n\t\t<\/section>\n\t\t\t\t<\/div>\n\t\t","protected":false},"excerpt":{"rendered":"<p>Wohnzimmer mit Sitzecke, Holzofen und Terrassent\u00fcren zur Terrasse. Offene K\u00fcche modern mit Geschirrsp\u00fcler, Mikrowelle, Gasherd, K\u00fchlschrank mit Gefrierfach, Toaster, Wasserkocher, Kaffeemaschine, Senseo. Flachbildfernseher, CD-Player, Radio, Kombi-Waschmaschine \/ Trockner und Wifi. 2 Schlafzimmer mit 2 Einzelbetten, eines mit Waschbecken. 1 Schlafzimmer mit 1 Etagenbett. 1 Badezimmer mit Dusche, 2 Waschbecken und WC. Drau\u00dfen: Terrasse im S\u00fcdwesten, Gartenm\u00f6bel, Sonnenschirm, und Parkplatz am Bungalow.<\/p>\n","protected":false},"author":1,"featured_media":0,"parent":0,"menu_order":0,"comment_status":"closed","ping_status":"closed","template":"","meta":{"footnotes":""},"class_list":["post-2488","page","type-page","status-publish","hentry"],"yoast_head":"<!-- This site is optimized with the Yoast SEO plugin v26.8 - https:\/\/yoast.com\/product\/yoast-seo-wordpress\/ -->\n<title>Einrichtung - Zunnetje<\/title>\n<meta name=\"description\" content=\"Ferienhaus Vrouwenpolder Zeeland Innendekoration, Ausstattung, Dekoration. Zunnetje Breezand, Offene K\u00fcchengeschirrsp\u00fcler, Kombi-Mikrowelle, Backofen, WLAN\" \/>\n<meta name=\"robots\" content=\"index, follow, max-snippet:-1, max-image-preview:large, max-video-preview:-1\" \/>\n<link rel=\"canonical\" href=\"https:\/\/zunnetje.nl\/index.php\/de\/einrichtung\/\" \/>\n<meta property=\"og:locale\" content=\"en_US\" \/>\n<meta property=\"og:type\" content=\"article\" \/>\n<meta property=\"og:title\" content=\"Einrichtung - Zunnetje\" \/>\n<meta property=\"og:description\" content=\"Ferienhaus Vrouwenpolder Zeeland Innendekoration, Ausstattung, Dekoration. Zunnetje Breezand, Offene K\u00fcchengeschirrsp\u00fcler, Kombi-Mikrowelle, Backofen, WLAN\" \/>\n<meta property=\"og:url\" content=\"https:\/\/zunnetje.nl\/index.php\/de\/einrichtung\/\" \/>\n<meta property=\"og:site_name\" content=\"Zunnetje\" \/>\n<meta property=\"article:modified_time\" content=\"2021-10-22T06:21:46+00:00\" \/>\n<meta property=\"og:image\" content=\"https:\/\/zunnetje.nl\/wp-content\/uploads\/2015\/03\/03_woonkamer.jpg\" \/>\n<meta name=\"twitter:card\" content=\"summary_large_image\" \/>\n<meta name=\"twitter:label1\" content=\"Est. reading time\" \/>\n\t<meta name=\"twitter:data1\" content=\"1 minute\" \/>\n<script type=\"application\/ld+json\" class=\"yoast-schema-graph\">{\"@context\":\"https:\/\/schema.org\",\"@graph\":[{\"@type\":\"WebPage\",\"@id\":\"https:\/\/zunnetje.nl\/index.php\/de\/einrichtung\/\",\"url\":\"https:\/\/zunnetje.nl\/index.php\/de\/einrichtung\/\",\"name\":\"Einrichtung - Zunnetje\",\"isPartOf\":{\"@id\":\"https:\/\/zunnetje.nl\/#website\"},\"primaryImageOfPage\":{\"@id\":\"https:\/\/zunnetje.nl\/index.php\/de\/einrichtung\/#primaryimage\"},\"image\":{\"@id\":\"https:\/\/zunnetje.nl\/index.php\/de\/einrichtung\/#primaryimage\"},\"thumbnailUrl\":\"https:\/\/zunnetje.nl\/wp-content\/uploads\/2015\/03\/03_woonkamer.jpg\",\"datePublished\":\"2018-12-07T08:45:17+00:00\",\"dateModified\":\"2021-10-22T06:21:46+00:00\",\"description\":\"Ferienhaus Vrouwenpolder Zeeland Innendekoration, Ausstattung, Dekoration. Zunnetje Breezand, Offene K\u00fcchengeschirrsp\u00fcler, Kombi-Mikrowelle, Backofen, WLAN\",\"breadcrumb\":{\"@id\":\"https:\/\/zunnetje.nl\/index.php\/de\/einrichtung\/#breadcrumb\"},\"inLanguage\":\"en-US\",\"potentialAction\":[{\"@type\":\"ReadAction\",\"target\":[\"https:\/\/zunnetje.nl\/index.php\/de\/einrichtung\/\"]}]},{\"@type\":\"ImageObject\",\"inLanguage\":\"en-US\",\"@id\":\"https:\/\/zunnetje.nl\/index.php\/de\/einrichtung\/#primaryimage\",\"url\":\"https:\/\/zunnetje.nl\/wp-content\/uploads\/2015\/03\/03_woonkamer.jpg\",\"contentUrl\":\"https:\/\/zunnetje.nl\/wp-content\/uploads\/2015\/03\/03_woonkamer.jpg\",\"width\":800,\"height\":520,\"caption\":\"zunnetje woonkamer\"},{\"@type\":\"BreadcrumbList\",\"@id\":\"https:\/\/zunnetje.nl\/index.php\/de\/einrichtung\/#breadcrumb\",\"itemListElement\":[{\"@type\":\"ListItem\",\"position\":1,\"name\":\"Home\",\"item\":\"https:\/\/zunnetje.nl\/\"},{\"@type\":\"ListItem\",\"position\":2,\"name\":\"Einrichtung\"}]},{\"@type\":\"WebSite\",\"@id\":\"https:\/\/zunnetje.nl\/#website\",\"url\":\"https:\/\/zunnetje.nl\/\",\"name\":\"Zunnetje\",\"description\":\"Ons vakantiehuisje aan zee\",\"potentialAction\":[{\"@type\":\"SearchAction\",\"target\":{\"@type\":\"EntryPoint\",\"urlTemplate\":\"https:\/\/zunnetje.nl\/?s={search_term_string}\"},\"query-input\":{\"@type\":\"PropertyValueSpecification\",\"valueRequired\":true,\"valueName\":\"search_term_string\"}}],\"inLanguage\":\"en-US\"}]}<\/script>\n<!-- \/ Yoast SEO plugin. -->","yoast_head_json":{"title":"Einrichtung - Zunnetje","description":"Ferienhaus Vrouwenpolder Zeeland Innendekoration, Ausstattung, Dekoration. Zunnetje Breezand, Offene K\u00fcchengeschirrsp\u00fcler, Kombi-Mikrowelle, Backofen, WLAN","robots":{"index":"index","follow":"follow","max-snippet":"max-snippet:-1","max-image-preview":"max-image-preview:large","max-video-preview":"max-video-preview:-1"},"canonical":"https:\/\/zunnetje.nl\/index.php\/de\/einrichtung\/","og_locale":"en_US","og_type":"article","og_title":"Einrichtung - Zunnetje","og_description":"Ferienhaus Vrouwenpolder Zeeland Innendekoration, Ausstattung, Dekoration. Zunnetje Breezand, Offene K\u00fcchengeschirrsp\u00fcler, Kombi-Mikrowelle, Backofen, WLAN","og_url":"https:\/\/zunnetje.nl\/index.php\/de\/einrichtung\/","og_site_name":"Zunnetje","article_modified_time":"2021-10-22T06:21:46+00:00","og_image":[{"url":"https:\/\/zunnetje.nl\/wp-content\/uploads\/2015\/03\/03_woonkamer.jpg","type":"","width":"","height":""}],"twitter_card":"summary_large_image","twitter_misc":{"Est. reading time":"1 minute"},"schema":{"@context":"https:\/\/schema.org","@graph":[{"@type":"WebPage","@id":"https:\/\/zunnetje.nl\/index.php\/de\/einrichtung\/","url":"https:\/\/zunnetje.nl\/index.php\/de\/einrichtung\/","name":"Einrichtung - Zunnetje","isPartOf":{"@id":"https:\/\/zunnetje.nl\/#website"},"primaryImageOfPage":{"@id":"https:\/\/zunnetje.nl\/index.php\/de\/einrichtung\/#primaryimage"},"image":{"@id":"https:\/\/zunnetje.nl\/index.php\/de\/einrichtung\/#primaryimage"},"thumbnailUrl":"https:\/\/zunnetje.nl\/wp-content\/uploads\/2015\/03\/03_woonkamer.jpg","datePublished":"2018-12-07T08:45:17+00:00","dateModified":"2021-10-22T06:21:46+00:00","description":"Ferienhaus Vrouwenpolder Zeeland Innendekoration, Ausstattung, Dekoration. Zunnetje Breezand, Offene K\u00fcchengeschirrsp\u00fcler, Kombi-Mikrowelle, Backofen, WLAN","breadcrumb":{"@id":"https:\/\/zunnetje.nl\/index.php\/de\/einrichtung\/#breadcrumb"},"inLanguage":"en-US","potentialAction":[{"@type":"ReadAction","target":["https:\/\/zunnetje.nl\/index.php\/de\/einrichtung\/"]}]},{"@type":"ImageObject","inLanguage":"en-US","@id":"https:\/\/zunnetje.nl\/index.php\/de\/einrichtung\/#primaryimage","url":"https:\/\/zunnetje.nl\/wp-content\/uploads\/2015\/03\/03_woonkamer.jpg","contentUrl":"https:\/\/zunnetje.nl\/wp-content\/uploads\/2015\/03\/03_woonkamer.jpg","width":800,"height":520,"caption":"zunnetje woonkamer"},{"@type":"BreadcrumbList","@id":"https:\/\/zunnetje.nl\/index.php\/de\/einrichtung\/#breadcrumb","itemListElement":[{"@type":"ListItem","position":1,"name":"Home","item":"https:\/\/zunnetje.nl\/"},{"@type":"ListItem","position":2,"name":"Einrichtung"}]},{"@type":"WebSite","@id":"https:\/\/zunnetje.nl\/#website","url":"https:\/\/zunnetje.nl\/","name":"Zunnetje","description":"Ons vakantiehuisje aan zee","potentialAction":[{"@type":"SearchAction","target":{"@type":"EntryPoint","urlTemplate":"https:\/\/zunnetje.nl\/?s={search_term_string}"},"query-input":{"@type":"PropertyValueSpecification","valueRequired":true,"valueName":"search_term_string"}}],"inLanguage":"en-US"}]}},"_links":{"self":[{"href":"https:\/\/zunnetje.nl\/index.php\/wp-json\/wp\/v2\/pages\/2488","targetHints":{"allow":["GET"]}}],"collection":[{"href":"https:\/\/zunnetje.nl\/index.php\/wp-json\/wp\/v2\/pages"}],"about":[{"href":"https:\/\/zunnetje.nl\/index.php\/wp-json\/wp\/v2\/types\/page"}],"author":[{"embeddable":true,"href":"https:\/\/zunnetje.nl\/index.php\/wp-json\/wp\/v2\/users\/1"}],"replies":[{"embeddable":true,"href":"https:\/\/zunnetje.nl\/index.php\/wp-json\/wp\/v2\/comments?post=2488"}],"version-history":[{"count":8,"href":"https:\/\/zunnetje.nl\/index.php\/wp-json\/wp\/v2\/pages\/2488\/revisions"}],"predecessor-version":[{"id":2688,"href":"https:\/\/zunnetje.nl\/index.php\/wp-json\/wp\/v2\/pages\/2488\/revisions\/2688"}],"wp:attachment":[{"href":"https:\/\/zunnetje.nl\/index.php\/wp-json\/wp\/v2\/media?parent=2488"}],"curies":[{"name":"wp","href":"https:\/\/api.w.org\/{rel}","templated":true}]}}